t the prime factors of c.
7, 79
Suppose 35*j + 47*j - 68*j - 240478 = 0. List the prime factors of j.
89, 193
Suppose 2*v + 26 = -7*g + 5*g, 3*g + 2*v = -39. List the prime factors of (-2 - 84 - -2 - -1)*g.
13, 83
Suppose 3*w - 180 = 9*w. Let z be (-146)/w*1 - (-172)/1290. List the prime factors of 112 + 2 - 1/(z - 4).
113
Suppose -287*h + 9217089 + 4034562 = 0. What are the prime factors of h?
3, 15391
Suppose -10*n + 13*n = 2*v - 130, -4*n = 5*v + 181. List the prime factors of 2/((n/(-110))/(62/10)).
31
Suppose -2*x + 4*g + 18498 = 0, 0 = 2*x - 52*g + 53*g - 18468. List the prime factors of x.
3, 3079
Suppose -7517*w + 49356 = -7505*w. List the prime factors of w.
3, 457
Let u(l) = l**3 - 5 - 5 - 5 - 7*l**2 - 4*l + 23*l**2. Suppose -11*f + 24 - 200 = 0. List the prime factors of u(f).
7
Let g = -91 - -94. Suppose g*u - 3*t = 27, 0 = 5*u + 5*t - 15. List the prime factors of 1*u/((-24)/(-388)).
97
Let x(c) = -c**3 + 3*c**2 + 4*c + 2. Let r be x(4). Let l be (3 + -2)/((r/(-5))/2). Let o(m) = 3*m**2 + m + 38. What are the prime factors of o(l)?
2, 3
List the prime factors of -291*3056/48*3/(-3).
97, 191
Suppose 0 = 9*k + 69 + 21. What are the prime factors of (k - (1 - 6)) + 58?
53
What are the prime factors of -2*17/204*-169158?
11, 233
Suppose -u + 94*y = 90*y - 14809, 2*u + 3*y - 29585 = 0. What are the prime factors of u?
14797
Let m = -30 + 35. Suppose m*r - 5*c = 1130, -c + 489 + 647 = 5*r. List the prime factors of r.
227
Suppose 6*t - 4*f - 336 = 2*t, -4*f - 249 = -3*t. Let d = t - 65. List the prime factors of 11/d - 5/4*-50.
3, 7
Suppose 0 = -5*w + 2*a + 23, 4*w + 3 = -2*a + 25. Suppose w*t + 2*c = 4950, -23*t - 5*c = -18*t - 4935. What are the prime factors of t?
2, 31
Suppose 4662 = 20*r + 22*r. Suppose 3*s = -5*z + 1950 - r, -3*z - 9 = 0. What are the prime factors of s?
2, 3, 103
Let v be (-128)/(-10) + (-12)/15. List the prime factors of 2/v*2 - 425/(-3).
2, 71
Suppose -16*p + 12*p + 12 = 0. Suppose -5*c - 7 = p. What are the prime factors of (3 - 16)*(c - 3)?
5, 13
Let i be (-6)/8 - (-525)/140. Suppose 75 = 4*a + q, a - 5*q + 0 - 3 = 0. Suppose -i*o + 3 = -a. What are the prime factors of o?
7
Let u(l) = -l**3 + 5*l + 2. Let v be u(3). What are the prime factors of (-195)/78*296/v?
2, 37
Let r = -2 + 10. Suppose -a - r = 2*s - 4*s, 2 = 5*s + 2*a. Suppose 6 = -3*p, -s*p = -5*x + x + 496. What are the prime factors of x?
3, 41
Suppose 5*d - 9 = -3*c + 2*d, 2*d = 3*c - 19. Suppose -4*l = -3*z + 443, -5*z = 3*l - l - 695. Suppose 36 - z = -c*s. What are the prime factors of s?
3, 7
Let n(a) = -a**3 - 10*a**2 + 37*a - 13. Suppose 2*p - 7*v = -4*v - 38, -5*v - 19 = 3*p. List the prime factors of n(p).
13
Suppose 0*u + 85627 = 2*u + 1249. List the prime factors of u.
3, 7, 41
Let s(m) = 33*m + 44. Let u(p) = 34*p + 45. Let a(n) = 4*s(n) - 3*u(n). What are the prime factors of a(15)?
491
Let q(h) = -14*h - 40. Let w be q(-4). Suppose -w*p + 22260 = 548. What are the prime factors of p?
23, 59
Suppose 4*m + 3*z = -1, 3*m + z + 9 = -4*z. Let t(i) = 1 - 1 - 9*i**3 + 7*i + 8*i**3 + i**m. What are the prime factors of t(3)?
3
Let r(u) = -92*u + 12. Let p be r(-3). Let d = 130 + 111. Suppose 4*x + 47 = 3*b - d, p = 3*b + x. List the prime factors of b.
2, 3
Let s(k) = -k**3 + 7*k**2 - k + 4. Let p be s(8). Let a = -68 - p. Suppose a*j + 2*j = 318. List the prime factors of j.
3, 53
Let j = 14541 + -8665. List the prime factors of j.
2, 13, 113
What are the prime factors of ((-1)/((-9)/7710))/((-52)/(-1794))?
5, 23, 257
Let c = 4304 - -811. List the prime factors of c.
3, 5, 11, 31
Suppose a - 15 = 4*a + 5*q, 0 = a - 3*q + 5. Let p be 5/(a/(-15)*3). Suppose -2*w = 2*r - 33 + 7, 2*w - 19 = p*r. What are the prime factors of w?
2, 3
Suppose 0 = -22*s - 9 + 273. Let m(r) = 3*r**2 - 58. What are the prime factors of m(s)?
2, 11, 17
Let z = 181 - 126. Suppose 9*g + 10 = z. Suppose 254 = g*i - 86. List the prime factors of i.
2, 17
Let s = -69 + 69. Suppose -2*t + 6 + s = 0. Suppose 213 = 4*z + 5*k, t*z - 3*k = 149 + 4. List the prime factors of z.
2, 13
Suppose -g = 5*x - 13145, 19*x + g = 15*x + 10517. List the prime factors of x.
2, 3, 73
Suppose 4*t = -h + 3*h - 14, 3*t - 5*h - 7 = 0. Let v be (720/(-6))/(t/(-8)) + 0. Let b = v - -284. List the prime factors of b.
2, 31
Let o = -318 + 718. Let b be (3/4)/((-4)/o)*1. List the prime factors of (15/b + (-4)/5)*-164.
2, 41
Let t(f) = 17*f**2 - 8*f - 29. Let m be t(-7). Suppose 2*g - m = 5*u, -4*g - u = -3*g - 437. What are the prime factors of g?
3, 5, 29
Let t(d) = 5*d**2 + 6*d - 36. Let m be (36/15)/(63/15 - 4). List the prime factors of t(m).
2, 3, 7
Suppose 27698 = 16*c + 11008 - 22398. What are the prime factors of c?
7, 349
Suppose 0 = -f - 3*y - 4, -6*y = -2*f - 3*y - 8. What are the prime factors of (((-2035)/20)/1)/(1/f)?
11, 37
Suppose 293*u - 2684004 = -1136574 + 3720417. What are the prime factors of u?
3, 13, 461
Let x(t) = t**2 + 9*t - 5. Let n be x(-10). Suppose -4*s = l + 23, -3*s - n*l - 22 = -9. List the prime factors of 4 + 20/s - 319/(-3).
107
Suppose 2*r - 6*r = 16. Let h(s) = -s**2 - 2*s - 6. Let y be h(r). What are the prime factors of (-1242)/y - (-10)/35?
89
Let u(d) = -20*d + 1 - d**3 + 574*d**2 + 0 - 585*d**2. Let p be u(-9). Suppose 0 = -2*y + p - 3. List the prime factors of y.
2
Let f(m) = m**2 + 3*m - 30. Let c be f(-7). What are the prime factors of 1082/2 - 25/10*c?
2, 3, 7, 13
Let z be ((-13)/(91/12))/(2/(-7)). Suppose -z*l = 530 - 3074. What are the prime factors of l?
2, 53
Let y = 0 + 85. Let f(a) = 25 - 9*a - a - y. List the prime factors of f(-11).
2, 5
Suppose -3*s = 2*a - 10, -4*s + 18 = -a - a. Suppose -s*f + 240 = 2*g, 2*g = f + 4*f + 258. What are the prime factors of g?
2, 31
Let a = 180 + -180. Suppose 36*i - 33*i - 1212 = a. List the prime factors of i.
2, 101
Suppose -898821 = -96*f + 399003. List the prime factors of f.
11, 1229
Let g = -4293 - -18037. Suppose -g = -15*v - 889. What are the prime factors of v?
857
Suppose 22*q - 19*q + 1047 = 0. Let j = q - -614. What are the prime factors of j?
5, 53
Let m = 179234 - 121637. List the prime factors of m.
3, 73, 263
Let b(m) = 11*m - 25. Let c be b(5). Suppose 5*v - c = -5*s, s + 3*v - 10 = -s. Let y(f) = 3*f + 20. What are the prime factors of y(s)?
2, 11
Let k be ((-114)/((-12)/(-4)))/(4/(-6)). Suppose k*g - 1316 = 53*g. List the prime factors of g.
7, 47
Let k = 126820 + -58349. List the prime factors of k.
13, 23, 229
Suppose -7*f + 5 = -9. Suppose 0 = -5*d - 5, 0 = f*o + 2*o - 4*d - 1676. List the prime factors of o.
2, 11, 19
Let y(h) = 3*h**2 + 39*h + 2209. What are the prime factors of y(54)?
13063
Let p = -13327 + 31545. List the prime factors of p.
2, 9109
Let d(u) = 2*u**3 - 5*u**2 + 13*u - 9. Let q = 545 + -540. List the prime factors of d(q).
181
Let m(l) = 9*l**2 + 13*l - 14. Let u(b) = 4*b**2 + 7*b - 7. Let i(y) = 3*m(y) - 7*u(y). Let w be i(-6). Let x = 62 + w. What are the prime factors of x?
3, 31
Suppose -8*k = -u - 3*k + 124, -4*k - 528 = -4*u. Let l = 107 + -153. Let q = u + l. List the prime factors of q.
2, 11
List the prime factors of (-184658)/(-7) - 92/(-1127)*7/2.
2, 5, 1319
What are the prime factors of 2933 + (2 - (4 - -2))?
29, 101
Suppose -h = -19*w + 21*w - 7255, -3*w - 3*h + 10875 = 0. List the prime factors of w.
2, 3, 5, 11
Suppose -4*t = 137724 + 38772. List the prime factors of 2/((-88)/t) + 2/11.
17, 59
What are the prime factors of ((-14)/8 - (-9)/(-6 + -30)) + 530?
2, 3, 11
Let m(q) = 2*q**2 - 165*q + 3365. List the prime factors of m(83).
2, 431
Let a(j) = -3*j**3 + 9*j**2 - 3*j + 17. Let f be a(8). Let u = -660 - f. List the prime factors of u.
307
Suppose 132 = -4*l + l. Let x(m) = m**2 - 16*m - 11. Let b be x(15). Let a = b - l. List the prime factors of a.
2, 3
Let d(j) = -2831*j - 3336. List the prime factors of d(-14).
2, 18149
Let c be ((-7)/5)/((-6)/30). List the prime factors of (-2)/c + 60/14 - -967.
971
Let n(q) = -q**3 + 36*q**2 + 69*q - 63. What are the prime factors of n(36)?
3, 269
Let s(t) = 131*t**2 - 65*t + 186. List the prime factors of s(3).
2, 3, 5, 13
Let u be (324/15 + 2)/(14/(-420)). Let v = u - -1381. List the prime factors of v.
673
Let p(y) = 4*y**2 + 7*y - 11. Let f be p(-3). Suppose 10*x - f*x = 2454. What are the prime factors